 + 67 = 0. Calculate the highest common divisor of l and 374.
34
Let c(f) be the third derivative of f**4/4 + f**3/3 - 5*f**2. Let o be c(2). Calculate the highest common divisor of o and 2.
2
Let i = -9 + 11. Suppose i*v + 4*z = 44, 0*z + 138 = 5*v - 4*z. Suppose h + 3*h = 104. What is the highest common factor of h and v?
26
Suppose -1606 = 14*h - 9586. Calculate the highest common factor of 30 and h.
30
Let f be (-4)/(-10) + (-104)/10. Let a be 6/f - 216/(-10). Suppose 0 = 70*s - 62*s - 56. What is the greatest common divisor of a and s?
7
Let z(l) = -9*l + 26. Let w be z(7). Let g = w + 49. Calculate the greatest common factor of g and 120.
12
Let a(r) = -r. Let d be a(-3). Let c(q) = -431*q - 423. Let k be c(-1). What is the highest common factor of d and k?
1
Let r(g) = 10*g**2 - 6*g - 1. Let t be r(-5). Calculate the highest common factor of t and 31.
31
Let z be (-2)/(-7) - 607/(-7). Calculate the greatest common divisor of 116 and z.
29
Let w = 0 + 0. Suppose w = -0*k + 3*k - 72. Suppose 21*c = 18*c + 180. What is the greatest common factor of k and c?
12
Suppose -80*g = -85*g + 40. Let v = -11 - -19. What is the greatest common divisor of v and g?
8
Suppose x + 2*d - 16 - 8 = 0, 3*d = 2*x - 48. Calculate the greatest common factor of x and 88.
8
Let h be (1 + -1*7)*(-39)/26. Calculate the highest common factor of h and 18.
9
Suppose 81 = 2*w + 5*u - 12, -3*u + 3 = 0. What is the greatest common factor of 110 and w?
22
Let m be 3*-1 + 8 + -1. Let y be (3 + (m - -11))*2. Calculate the highest common factor of 4 and y.
4
Suppose -5*s + 19 = -3*u, 0 = -4*s - 5*u - 7. Suppose -s*g - 56 = -4*v + 2*g, -2*v = -g - 26. What is the greatest common factor of v and 24?
12
Let m(o) be the first derivative of -o**4/4 + 7*o**3/3 - 7*o**2/2 + 14. Let u be m(4). Calculate the greatest common divisor of u and 180.
20
Suppose 54*o - 56*o = -440. What is the highest common factor of o and 20?
20
Suppose -o = -29 + 25. Let u be (2 - -1 - 3)/1. Suppose -o*z - z + 35 = u. Calculate the greatest common factor of z and 28.
7
Let n be ((-368)/12)/((-4)/6). Let u = n - 15. What is the greatest common divisor of u and 31?
31
Let l = 594 - 545. Calculate the greatest common divisor of l and 7.
7
Suppose -2*s = -s - 8. Let q(f) = 2*f + 6. Let m be q(8). Suppose j - m = -0*j + 2*y, -5*y + s = 2*j. Calculate the greatest common factor of j and 112.
14
Suppose 4*y + d = 263, 18*y = 23*y + 2*d - 328. Calculate the highest common divisor of 242 and y.
22
Suppose 2*m = 6 + 4. Suppose u = -3*y + 13, 0*y - 33 = -m*u + y. Calculate the greatest common divisor of 1 and u.
1
Let v = -740 - -774. What is the greatest common factor of v and 391?
17
Suppose 25*g - 24 = 22*g. What is the highest common divisor of g and 2048?
8
Let k(c) = c**3 - 8*c**2 - c - 5. Let d be k(8). Let q = d - -11. Let a be 16 - (0 + 6/q). What is the highest common factor of 19 and a?
19
Suppose 3*n + 3 = 0, -3*o - 3*n = -2*n + 424. Let v = -92 - o. What is the greatest common divisor of 14 and v?
7
Suppose 0 = n + k + 2, -4*n + k - 2 = -4. Suppose 0 = -2*z - n*z + 200. What is the greatest common divisor of z and 20?
20
Suppose -30*k + 18*k = -96. What is the highest common divisor of 2264 and k?
8
Let y = -346 - -470. What is the greatest common divisor of 20 and y?
4
Let f(k) = 75*k + 529. Let q be f(-7). What is the greatest common factor of q and 584?
4
Let z be ((-140)/84)/((-2)/48). Calculate the highest common factor of z and 150.
10
Let i = 9 - 6. Suppose -d = i*d - 252. What is the greatest common factor of 7 and d?
7
Let y = -2187 - -2202. What is the greatest common divisor of y and 600?
15
Let n = 313 + -247. Let f = -14 + 20. What is the highest common divisor of f and n?
6
Let i = 4541 - 4485. Suppose -4*z + 15 = -13. What is the highest common factor of i and z?
7
Suppose -5*s = -10, -5*g + 5*s + 755 = -470. What is the greatest common factor of 19 and g?
19
Suppose 4*f = 3*m + 2*m + 116, -m - 5*f = 29. Let i be (-4)/(-32) - 1245/m. What is the greatest common divisor of 13 and i?
13
Let c(q) = 10*q**2 - 28*q - 52. Let b be c(13). What is the highest common factor of 49 and b?
49
Let k be -3*((-5)/(-4))/(6/(-8)). Suppose 2*n = 3*n - 2*z - 211, k*z = 4*n - 841. Let q be 270/14 - (-4)/(-14). Calculate the greatest common factor of q and n.
19
Suppose 8*r = 7*r + 5. Suppose -f + 20 = 5*j, -6*f = -f - r*j - 130. Calculate the greatest common divisor of f and 225.
25
Let z = 105 + -69. Suppose 0 = -5*h + 4*i - 66, 3*h + i + z = -h. Let v be 7*(h/(-14) - -1). What is the highest common divisor of 8 and v?
4
Let c be (-1708)/(-44) - 10/(-55). Suppose c = 3*t - j, -5*t + 63 = j - 2. What is the highest common factor of 104 and t?
13
Let a(j) be the first derivative of -j**2/2 + 30*j - 5. Let u be a(15). What is the greatest common divisor of u and 120?
15
Let f(y) = y**3 - 4*y**2 - 7*y - 6. Let n be f(6). Let z(a) = 5*a**2 - 53*a - 19. Let p be z(11). What is the greatest common factor of p and n?
3
Let q = -8 + 8. Suppose -r + 3*c + 49 = q, 0*r + 4*c = 2*r - 104. What is the greatest common divisor of r and 145?
29
Let x = -4401 + 4407. Let w(l) = -l**3 + 6*l**2 - 4*l + 7. Let c be w(5). Calculate the highest common factor of x and c.
6
Let v be (-18 + 0)*(2380/(-30) - -12). What is the highest common factor of v and 12?
12
Let u = 123 - 100. Calculate the highest common divisor of u and 46.
23
Let r(z) = 2*z**2 - 11*z. Let a be r(-15). Calculate the highest common factor of 123 and a.
123
Let m be 90/27*(6 - -3). What is the highest common divisor of 300 and m?
30
Let m(g) = g**2 + 45*g - 32. Let b be m(-46). What is the highest common factor of 21 and b?
7
Let i be -5 + (-138)/(-9)*9/6. Suppose 2*d = 5*q - 137, -5*d + 68 = 3*q - 8. Calculate the highest common divisor of i and q.
9
Let l(w) = -5*w - 64. Let p be l(-20). Calculate the highest common divisor of p and 16.
4
Let l be ((-312)/12)/(4/(-54)). Calculate the highest common factor of l and 13.
13
Suppose -m - 1 = 0, -3*f + 8*f + 4*m - 1166 = 0. What is the greatest common factor of f and 18?
18
Suppose 0 = 3*g - 3*b + 747, 2*g + 751 = -g + 4*b. Let j be 1/(2/(-9) + g/(-819)). Let d = -55 - -94. What is the highest common factor of j and d?
13
Let p be 2/((-126)/(-124) + -1). Let m = 214 - p. What is the greatest common factor of 135 and m?
45
Let q be (-2)/(-1) + 16/(-4). Let j = 4 - q. Suppose 0*k + 60 = 4*k. What is the highest common divisor of k and j?
3
Let r = -1081 + 1261. Calculate the greatest common factor of 210 and r.
30
Let i = 49 - 46. Suppose i*a = -a + 48. What is the greatest common factor of a and 84?
12
Let l(q) = q**3 + 4*q**2 - 2*q - 1. Let a be l(-4). Let g = 1 + a. Suppose 10*c = -4*y + 7*c + 14, -y + 2*c = 2. What is the highest common factor of y and g?
2
Let g = 438 - -208. What is the greatest common factor of 19 and g?
19
Let h = -417 + 597. Let o = 244 - 172. What is the greatest common divisor of o and h?
36
Suppose -6*r - 811 = -985. Calculate the greatest common factor of 203 and r.
29
Suppose l = -4*l + 20. Suppose -l*b + 46 = -2*b. What is the greatest common divisor of b and 69?
23
Suppose -38 = -11*a + 6. Suppose -4*b - 5*s = -459, -4*b + 0*b - a*s = -464. Calculate the highest common factor of b and 11.
11
Let w be (-1)/2*(-1 - 61). Let l(b) = b - 2. Let n be l(-9). Let a = w + n. What is the greatest common divisor of a and 140?
20
Suppose -2*x = 6*b - b - 187, -4*x = 5*b - 379. Suppose 0 = -2*o + 23 + 1. What is the highest common divisor of x and o?
12
Let p(o) = -136*o - 677. Let m be p(-7). Calculate the greatest common factor of 55 and m.
55
Let f be (-6)/45*-12*15. Suppose -4 = 5*m - f. Suppose 2*u - 56 = 3*h, -4*u + 16*h + 112 = 17*h. What is the greatest common factor of m and u?
4
Let r = -37 - -29. Let v be 25/2*r/(-10). What is the greatest common divisor of v and 50?
10
Let t = 325 - 313. Let r be 1 - (-2 - (0 + -1)). Calculate the highest common divisor of r and t.
2
Let s be 32 + -17 - (1 - 0). Let u = s + -14. Suppose -2*v = 2, -2*q - 2*v + 0 + 14 = u. What is the greatest common divisor of q and 12?
4
Let b(s) = s**3 + 15*s**2 - 12*s - 110. Let j be b(-8). Calculate the highest common divisor of 14 and j.
14
Suppose 5*y - 30 = 5. Suppose 5*o - y = -32. Let n be o/(-2)*4/5. C